{"id":388,"date":"2023-06-28T13:36:17","date_gmt":"2023-06-28T13:36:17","guid":{"rendered":"https:\/\/tripasapucarana.com.br\/loja\/?post_type=product&#038;p=388"},"modified":"2023-08-25T18:12:39","modified_gmt":"2023-08-25T18:12:39","slug":"tripa-suina-fios-curtos-2-a-4-mts-cal-28-32-emb-c-5-macos-com-45-mts","status":"publish","type":"product","link":"https:\/\/tripasapucarana.com.br\/loja\/produto\/tripa-suina-fios-curtos-2-a-4-mts-cal-28-32-emb-c-5-macos-com-45-mts\/","title":{"rendered":"Tripa  suina fios curtos  2 a 4 mts  cal. 28\/32 emb c\/ 5 ma\u00e7os com 45 mts"},"content":{"rendered":"<p>Tripa  su\u00edna  para o preparo de lingui\u00e7as calibre 28\/32 ,32\/34 fio  m\u00e9dios ,  2 a 4 metro<br \/>\nensaque aproximado  em 150 kgs<br \/>\nideal para uso em escadeira manual<br \/>\nRecomenda-se &#8211; lavar em \u00e1gua corrente, at\u00e9 remover todo o sal. Deixar de molho em \u00e1gua limpa (para melhor qualidade da lingui\u00e7a) por aproximadamente 2 horas, para hidratar e ter um melhor rendimento.<br \/>\nproduto com SIF<\/p>\n","protected":false},"excerpt":{"rendered":"<p>Tripa su\u00edna para o preparo de lingui\u00e7as calibre 28\/32 ,32\/34 fio m\u00e9dios , 2 a 4 metro ensaque aproximado em 150 kgs ideal para uso em escadeira manual Recomenda-se &#8211; lavar em \u00e1gua corrente, at\u00e9 remover todo o sal. Deixar de molho em \u00e1gua limpa (para melhor qualidade da lingui\u00e7a) por aproximadamente 2 horas, para [&hellip;]<\/p>\n","protected":false},"featured_media":285,"comment_status":"open","ping_status":"closed","template":"","meta":[],"product_brand":[],"product_cat":[21,19],"product_tag":[],"class_list":{"0":"post-388","1":"product","2":"type-product","3":"status-publish","4":"has-post-thumbnail","6":"product_cat-bovina-tripas","7":"product_cat-tripas","9":"first","10":"instock","11":"sale","12":"taxable","13":"shipping-taxable","14":"purchasable","15":"product-type-simple"},"_links":{"self":[{"href":"https:\/\/tripasapucarana.com.br\/loja\/wp-json\/wp\/v2\/product\/388","targetHints":{"allow":["GET"]}}],"collection":[{"href":"https:\/\/tripasapucarana.com.br\/loja\/wp-json\/wp\/v2\/product"}],"about":[{"href":"https:\/\/tripasapucarana.com.br\/loja\/wp-json\/wp\/v2\/types\/product"}],"replies":[{"embeddable":true,"href":"https:\/\/tripasapucarana.com.br\/loja\/wp-json\/wp\/v2\/comments?post=388"}],"wp:featuredmedia":[{"embeddable":true,"href":"https:\/\/tripasapucarana.com.br\/loja\/wp-json\/wp\/v2\/media\/285"}],"wp:attachment":[{"href":"https:\/\/tripasapucarana.com.br\/loja\/wp-json\/wp\/v2\/media?parent=388"}],"wp:term":[{"taxonomy":"product_brand","embeddable":true,"href":"https:\/\/tripasapucarana.com.br\/loja\/wp-json\/wp\/v2\/product_brand?post=388"},{"taxonomy":"product_cat","embeddable":true,"href":"https:\/\/tripasapucarana.com.br\/loja\/wp-json\/wp\/v2\/product_cat?post=388"},{"taxonomy":"product_tag","embeddable":true,"href":"https:\/\/tripasapucarana.com.br\/loja\/wp-json\/wp\/v2\/product_tag?post=388"}],"curies":[{"name":"wp","href":"https:\/\/api.w.org\/{rel}","templated":true}]}}