{"id":171,"date":"2023-06-02T01:53:57","date_gmt":"2023-06-02T01:53:57","guid":{"rendered":"https:\/\/tripasapucarana.com.br\/loja\/?post_type=product&#038;p=171"},"modified":"2023-08-25T18:23:10","modified_gmt":"2023-08-25T18:23:10","slug":"tripa-ovina-macao-imp","status":"publish","type":"product","link":"https:\/\/tripasapucarana.com.br\/loja\/produto\/tripa-ovina-macao-imp\/","title":{"rendered":"Tripa ovina ma\u00e7ao imp  280 mts"},"content":{"rendered":"<p>envolt\u00f3rio  natural de pequeno di\u00e2metro, combina delicadeza. com resist\u00eancia suficiente para suportar o enchimento, conservada no sal e, como tudo o que \u00e9 natural, pode vir com imperfei\u00e7\u00f5es. Estas podem ser: furos, fiapos, varia\u00e7\u00f5es de tamanho de fios e calibres, colora\u00e7\u00e3o e odor.<br \/>\nA tripa ovina \u00e9 ideal para se fazer lingui\u00e7as mais finas e delicadas como: Lingui\u00e7as de frango, lingui\u00e7as de porco e salsichas defumadas. Quando for utilizar, lave a tripa em \u00e1gua corrente para retirar todo o sal, depois deixe de molho na \u00e1gua com uma colher de lim\u00e3o ou vinagre durante 1 ou 2 horas.<\/p>\n","protected":false},"excerpt":{"rendered":"<p>envolt\u00f3rio natural de pequeno di\u00e2metro, combina delicadeza. com resist\u00eancia suficiente para suportar o enchimento, conservada no sal e, como tudo o que \u00e9 natural, pode vir com imperfei\u00e7\u00f5es. Estas podem ser: furos, fiapos, varia\u00e7\u00f5es de tamanho de fios e calibres, colora\u00e7\u00e3o e odor. A tripa ovina \u00e9 ideal para se fazer lingui\u00e7as mais finas e [&hellip;]<\/p>\n","protected":false},"featured_media":277,"comment_status":"open","ping_status":"closed","template":"","meta":[],"product_brand":[],"product_cat":[22,19],"product_tag":[],"class_list":{"0":"post-171","1":"product","2":"type-product","3":"status-publish","4":"has-post-thumbnail","6":"product_cat-ovina","7":"product_cat-tripas","9":"first","10":"instock","11":"sale","12":"taxable","13":"shipping-taxable","14":"purchasable","15":"product-type-simple"},"_links":{"self":[{"href":"https:\/\/tripasapucarana.com.br\/loja\/wp-json\/wp\/v2\/product\/171","targetHints":{"allow":["GET"]}}],"collection":[{"href":"https:\/\/tripasapucarana.com.br\/loja\/wp-json\/wp\/v2\/product"}],"about":[{"href":"https:\/\/tripasapucarana.com.br\/loja\/wp-json\/wp\/v2\/types\/product"}],"replies":[{"embeddable":true,"href":"https:\/\/tripasapucarana.com.br\/loja\/wp-json\/wp\/v2\/comments?post=171"}],"wp:featuredmedia":[{"embeddable":true,"href":"https:\/\/tripasapucarana.com.br\/loja\/wp-json\/wp\/v2\/media\/277"}],"wp:attachment":[{"href":"https:\/\/tripasapucarana.com.br\/loja\/wp-json\/wp\/v2\/media?parent=171"}],"wp:term":[{"taxonomy":"product_brand","embeddable":true,"href":"https:\/\/tripasapucarana.com.br\/loja\/wp-json\/wp\/v2\/product_brand?post=171"},{"taxonomy":"product_cat","embeddable":true,"href":"https:\/\/tripasapucarana.com.br\/loja\/wp-json\/wp\/v2\/product_cat?post=171"},{"taxonomy":"product_tag","embeddable":true,"href":"https:\/\/tripasapucarana.com.br\/loja\/wp-json\/wp\/v2\/product_tag?post=171"}],"curies":[{"name":"wp","href":"https:\/\/api.w.org\/{rel}","templated":true}]}}